at are the prime factors of i(l)?
2, 3
List the prime factors of (-42122)/(-12) - ((-171)/54)/(-19).
2, 3, 5, 13
Suppose 0 = -3*i - 5*g + 2599, -12*i + 17*i + g - 4295 = 0. What are the prime factors of i?
2, 3, 11, 13
Suppose -4*a + 7620 = 2*j, -3802 = -2*a - 5*j + 6*j. What are the prime factors of a?
11, 173
List the prime factors of (2/(-4) + -1)*17768/(-12).
2221
Let b(k) = 604*k + 145. What are the prime factors of b(3)?
19, 103
Suppose -3*h + 20 = -d, -d - 3*h + 2 + 2 = 0. What are the prime factors of d/(-3)*(-1425)/(-76)?
2, 5
Let s = -28 - -32. Suppose 48 = 2*c + 4*l, 4*c + 2*l + s = 88. Let a = -4 + c. List the prime factors of a.
2
Suppose -3*n - 2639 = -4*l, 0 = -l + 13*n - 8*n + 647. What are the prime factors of l?
2, 331
Suppose 3*r = 7*r - 4, -4*r = c - 2327. What are the prime factors of c?
23, 101
Suppose 7*o + 10 = 2*o. Let g(l) = l**2 - 3*l - 5. Let u be g(o). Suppose 3*a - w + u*w = 154, -4*a + 2*w = -220. What are the prime factors of a?
2, 3
Let v(z) be the first derivative of 3*z**2 + 12*z + 17. List the prime factors of v(5).
2, 3, 7
Let k be ((-11)/((-11)/20))/((-3)/(-114)). Suppose -7*r - r = -k. What are the prime factors of r?
5, 19
What are the prime factors of -14 + 269 - (-18)/3?
3, 29
Let z(f) = -f**3 - f**2 + 4*f + 5. Let j be z(-4). Let b = -197 - -171. Let i = j + b. What are the prime factors of i?
11
Let l be -4 + 1379*(-4)/(-4). Suppose -5*i - 5*o = -l, i + 3*i - 1060 = 4*o. Suppose t - 6*t = -i. What are the prime factors of t?
2, 3
Let l(w) = -12*w + 0 - 3 + 8. Suppose -39*t - 94 = 23. List the prime factors of l(t).
41
Let l = 16 - 13. Suppose 3*d = -15, 4*j = -l*d + 6 + 11. What are the prime factors of j?
2
Let j be 4/(0 + -1 - (-281)/279). Suppose 5*q = 11*q - j. What are the prime factors of q?
3, 31
List the prime factors of (2 + 43/4)/((-24)/(-320)).
2, 5, 17
Suppose 5*z + 0*z + 20 = 0. Let m be 1270/8 + (-1)/z. What are the prime factors of 2/(-4) - m/(-6)?
2, 13
Let n = -25 - 35. What are the prime factors of (-12)/n + (-254)/(-5)?
3, 17
Suppose u - 3*u + 4 = 2*w, 5*u - 3*w + 6 = 0. Let b be (-6)/(-12)*(u - 0). Suppose b = 4*s + 4*n - 68, -s = -4*s + 5*n + 67. List the prime factors of s.
19
Suppose 4*a - 4*z - 10560 = -0*a, -5*z = -10. What are the prime factors of a?
2, 1321
Let d(t) = -6*t - 2. Suppose x + r - 21 = -7, 0 = 5*r + 10. Let z = x + -22. List the prime factors of d(z).
2, 17
Let o(i) = i**3 + 9*i**2 - 9*i + 12. Let l be o(-10). Suppose l*j + 2*j = -24. What are the prime factors of 204/18*j/(-2)?
2, 17
Let d = 25 + -5. Let v = d - -41. List the prime factors of v.
61
Let a = 31 + -7. Suppose -3*p + 6*p = -a. List the prime factors of p/(-10)*(-680)/(-16).
2, 17
What are the prime factors of (5 + (-490)/8)*-4?
3, 5
Let u(h) = 13*h**2 + 4*h + 27. List the prime factors of u(-8).
827
Let r(u) be the third derivative of -u**5/30 + 5*u**4/24 - u**3 + 5*u**2. Let t(v) be the first derivative of r(v). What are the prime factors of t(-4)?
3, 7
Let m(h) = h**2 + 11*h - 4. Let o be (-2 + (-66)/(-15))*-5. Let y be m(o). Suppose 5*l + 132 = y*l. What are the prime factors of l?
2, 11
Suppose 0 = 3*c + 3*o + 174, -5*c - 104 - 198 = -o. Let j be (-80)/c - 124/(-6). Suppose -3*y - 2*r = -20, 2*y + r = -y + j. What are the prime factors of y?
2
What are the prime factors of (0 + (-1636)/6)/((-35)/105)?
2, 409
Suppose 4*q - 2*g = 1898, -3*q - 118 = g - 1529. List the prime factors of q.
2, 59
Let u(b) = b**3 + 2*b**2 + 5. Let l be u(4). Let x = l + -61. Let t = x - 22. List the prime factors of t.
2, 3
Suppose -21*a = -17*a - 1128. What are the prime factors of a?
2, 3, 47
Let l(x) = x + 1. Let k(q) = 10*q - 6. Let y(n) = k(n) + 4*l(n). List the prime factors of y(5).
2, 17
Let i(l) = 8*l**2 - 11*l + 25. List the prime factors of i(-10).
5, 11, 17
Let v be ((-50)/(-28) + 4/(-14))*266. Suppose -381 - v = -5*z. List the prime factors of z.
2, 3, 13
Let q = 307 - -1151. List the prime factors of q.
2, 3
Suppose -3*y = -3*s - 14535, -4150 = -2*y + 4*s + 5546. List the prime factors of y.
2, 3, 269
Let p(w) = w**3 - 19*w**2 + 20*w + 6. Let o be p(18). List the prime factors of (o - -2) + (3 - 1).
2, 23
Let q(k) = -k**3 - 10*k**2 - 21*k + 24. What are the prime factors of q(-7)?
2, 3
Let b(q) = -6*q**2 + 3*q + 3. Let s be b(-1). Let i(g) = -8*g + 8. What are the prime factors of i(s)?
2, 7
What are the prime factors of 788*(-1 - 15/(-12))?
197
Suppose -3*n - 2*q - 8 = -7*n, -3*q - 6 = -3*n. Let w be (-354)/6*(-2)/n. Suppose -5*i + 0*v = -2*v - w, 13 = i - v. List the prime factors of i.
11
Let t be 2/6 - 380/(-30). Suppose -t*p + 66 = -11*p. List the prime factors of p.
3, 11
Let g = 43 + 25. Suppose -2*p + g = 4*t, -2*p - 34 = -2*t + p. Suppose 95 - t = 3*x. List the prime factors of x.
2, 13
Let i = 958 - 624. List the prime factors of i.
2, 167
Let i = 3 + 3. Let w = i - 0. List the prime factors of (-345)/(-27) + w/27.
13
Let f be ((-2)/1)/((-4)/14). Let l(x) be the second derivative of x**3/6 + 3*x**2 + 4*x. List the prime factors of l(f).
13
Suppose -17 = -4*q - z, -3*q - 2*q - z + 20 = 0. Suppose 427 = q*w + p, -3*w + 2*p = -w - 298. List the prime factors of w.
2, 3
Suppose 4*o - 24 = -2*p, 2*o - p - 4 = -0*o. Let m = -27 - -38. What are the prime factors of 330/m*o/6?
2, 5
Let a be 0 + (-15)/(-5) + 1. Suppose 4*i - 3*v = -241 + 1182, -5*i = -a*v - 1176. Let h = i - 153. List the prime factors of h.
83
Let h be (10/8)/(3/12). Suppose -g - h*j + 66 = 15, -91 = -2*g + j. What are the prime factors of g?
2, 23
What are the prime factors of 4 + -6 - (0 + -3 - 2488)?
19, 131
Suppose l - t - 644 = 0, 0 = -l + 2*t + 309 + 338. What are the prime factors of l?
641
Suppose -14 = -6*a + 10. Let u be 5/20 - (-7)/a. List the prime factors of (-3)/u*(-564)/18.
47
Let g = 690 - 405. Suppose -a - g = -6*a. List the prime factors of a.
3, 19
Let l be 2 - 2 - 0/(-2). Suppose 0 = 8*g - 3*g + 4*h - 245, g - 25 = 4*h. Suppose l*i - i = -g. What are the prime factors of i?
3, 5
Let o(h) = h**3 - 8*h**2 - 9*h + 2. Let p be o(9). Let f(q) = 7*q - 6*q**2 + 0*q**p + 9*q**2 + q. List the prime factors of f(-4).
2
Let c(d) = -d**3 - 3*d**2 + 10*d + 4. Let r be c(-3). Let f be (-94)/((-33)/(-16) - 2). List the prime factors of f/r + (-20)/(-130).
2, 29
Let j be 2/(-10)*(-25)/1. What are the prime factors of 46*10/j*1?
2, 23
Let l be 1/(2/(8*17)). Suppose -y = -2*t - 29, 3*y + 5*t - l = 52. Suppose y + 115 = 3*m. List the prime factors of m.
2, 5
Suppose -2*f = -101 - 111. Suppose 246 + f = 4*c. Suppose 0*o + 73 = 3*o - 4*d, -3*d = -4*o + c. List the prime factors of o.
19
Suppose -4*i + 11058 = 1450. List the prime factors of i.
2, 1201
Let k(r) = -r**2 + 3*r - 10. Let a be k(3). Let w(l) = -l**2 - 12*l - 11. What are the prime factors of w(a)?
3
List the prime factors of 1512 + 0 - -3*(-11 + 9).
2, 3, 251
Suppose 3 = 3*m + 21. Let g be m/(-3*(-2)/4). List the prime factors of ((-10)/(-5))/(g/(-46)).
23
Let y = -22 - -24. Suppose -y*q + 4*o = -92, 3*q + 0*o - 148 = 4*o. What are the prime factors of q?
2, 7
Let n(l) = -l - 16. Let y be n(-11). Let r(t) = -13*t + 14. List the prime factors of r(y).
79
Let z = 47 + -17. Let y = z - 23. List the prime factors of y.
7
Suppose -k = 17*m - 12*m - 832, -2 = -m. What are the prime factors of k?
2, 3, 137
Suppose 0 = 15*h - 25222 - 15068. List the prime factors of h.
2, 17, 79
Let b(l) = -28*l + 2. Let k be b(-6). Suppose 2*x = -3*r - 45 + k, -271 = -4*x + r. List the prime factors of x.
67
List the prime factors of 1570/8 + (-66)/(-88).
197
Let c be -6*151*2/(-4). Let a = c - 193. List the prime factors of a.
2, 5, 13
Let z(h) = -22*h - 37. Let u be z(-11). Let t = u + -85. List the prime factors of t.
2, 3, 5
Let w be (9/2)/(1 - 825/830). Suppose -5*p + d + 0*d = -w, 165 = p + 5*d. What are the prime factors of p?
2, 3, 5
Suppose -3*q - 2*y - 5 = -0*y, -q + 3*y = -2. Let z(d) = -1 + 3 - 15*d + 0. What are the prime factors of z(q)?
17
Let z = 1632 + -811. List the prime factors of z.
821
Let p(x) = -1 + x - 2 + 3 - 2. Let w be p(6). What are the prime factors of w/(-8) + 142/4?
5, 7
Suppose 2814 = -31*s + 120707. List the prime factors of s.
3803
Suppose 0 = w + 3*w - 8. Suppose 2*v = -w*v + 272. List the prime factors of v.
2, 17
Let v be (-5)/1*(-6 - -9). Let j be (v/(-6